 the greatest common divisor of 340 and 6188.
68
What is the greatest common divisor of 5 and 475?
5
What is the highest common factor of 182 and 154?
14
Calculate the highest common divisor of 1278 and 36.
18
What is the highest common divisor of 6897 and 231?
33
What is the greatest common factor of 100 and 6980?
20
What is the greatest common divisor of 336 and 150?
6
What is the greatest common factor of 585 and 45?
45
What is the greatest common divisor of 565 and 5?
5
What is the highest common divisor of 136 and 12512?
136
What is the greatest common factor of 90 and 10665?
45
Calculate the highest common divisor of 170 and 20.
10
What is the greatest common factor of 32 and 224?
32
What is the highest common factor of 4719 and 52?
13
Calculate the greatest common factor of 5430 and 60.
30
Calculate the greatest common divisor of 49 and 70.
7
What is the greatest common divisor of 303 and 3?
3
What is the greatest common factor of 1628 and 88?
44
What is the greatest common factor of 24 and 60?
12
Calculate the highest common divisor of 24 and 968.
8
What is the highest common divisor of 1719 and 9?
9
What is the highest common divisor of 3 and 51?
3
Calculate the highest common factor of 952 and 168.
56
Calculate the highest common factor of 108 and 24.
12
Calculate the highest common factor of 189 and 35.
7
Calculate the highest common divisor of 250 and 125.
125
Calculate the highest common divisor of 160 and 106.
2
What is the greatest common factor of 8 and 124?
4
Calculate the greatest common divisor of 1551 and 66.
33
Calculate the highest common factor of 93 and 527.
31
Calculate the greatest common divisor of 27456 and 11.
11
Calculate the greatest common divisor of 15 and 2.
1
What is the greatest common divisor of 490 and 70?
70
What is the greatest common factor of 69 and 16?
1
What is the greatest common factor of 781 and 142?
71
What is the greatest common factor of 1862 and 38?
38
What is the greatest common divisor of 352 and 154?
22
What is the greatest common factor of 325 and 2353?
13
Calculate the greatest common divisor of 1365 and 14742.
273
Calculate the greatest common divisor of 58 and 14.
2
Calculate the greatest common factor of 360 and 2088.
72
What is the greatest common divisor of 161 and 69?
23
Calculate the highest common factor of 8659 and 28.
7
What is the highest common divisor of 64 and 208?
16
What is the greatest common factor of 671 and 55?
11
What is the greatest common factor of 162 and 720?
18
Calculate the highest common factor of 40 and 680.
40
Calculate the highest common factor of 392 and 8.
8
Calculate the greatest common factor of 676 and 780.
52
What is the highest common factor of 63 and 42?
21
Calculate the highest common factor of 45 and 4635.
45
Calculate the greatest common divisor of 220 and 1860.
20
Calculate the highest common factor of 18 and 2178.
18
Calculate the greatest common divisor of 1407 and 42.
21
Calculate the greatest common factor of 45 and 33435.
45
Calculate the greatest common factor of 15 and 69.
3
Calculate the highest common factor of 41776 and 112.
112
Calculate the greatest common factor of 4527 and 18.
9
Calculate the greatest common factor of 2282 and 14.
14
Calculate the highest common factor of 2320 and 29.
29
Calculate the highest common divisor of 42 and 4718.
14
Calculate the highest common factor of 819 and 546.
273
Calculate the highest common divisor of 405 and 165.
15
Calculate the greatest common factor of 10 and 270.
10
Calculate the highest common divisor of 460 and 900.
20
Calculate the highest common divisor of 368 and 138.
46
What is the highest common factor of 5 and 2785?
5
What is the greatest common factor of 1210 and 20?
10
What is the greatest common factor of 207 and 23?
23
What is the highest common divisor of 34 and 629?
17
Calculate the greatest common factor of 189 and 252.
63
What is the greatest common factor of 3914 and 721?
103
Calculate the greatest common divisor of 20 and 1828.
4
What is the highest common factor of 45 and 3765?
15
Calculate the highest common factor of 44 and 7964.
44
What is the highest common factor of 240 and 2100?
60
Calculate the highest common divisor of 836 and 88.
44
What is the greatest common factor of 180 and 1500?
60
What is the greatest common factor of 361 and 114?
19
Calculate the highest common divisor of 1234 and 6.
2
What is the highest common factor of 22 and 11539?
11
Calculate the highest common divisor of 94 and 14758.
94
Calculate the greatest common factor of 42 and 96.
6
What is the greatest common factor of 235 and 188?
47
What is the greatest common factor of 4 and 30892?
4
What is the highest common divisor of 50 and 120?
10
Calculate the highest common factor of 11 and 11.
11
Calculate the greatest common divisor of 16 and 5776.
16
What is the highest common factor of 63 and 7854?
21
What is the highest common divisor of 29 and 29?
29
Calculate the highest common factor of 737 and 201.
67
What is the highest common divisor of 70 and 2044?
14
Calculate the greatest common divisor of 92 and 52.
4
Calculate the highest common factor of 836 and 44.
44
What is the highest common divisor of 54 and 6?
6
Calculate the greatest common factor of 655 and 5.
5
What is the greatest common factor of 832 and 26?
26
What is the greatest common factor of 774 and 903?
129
What is the greatest common divisor of 216 and 48?
24
What is the greatest common divisor of 5589 and 69?
69
What is the highest common divisor of 152 and 256?
8
Calculate the highest common factor of 834 and 973.
139
What is the greatest common divisor of 594 and 2916?
54
What is the greatest common factor of 80 and 1800?
40
Calculate the highest common factor of 2208 and 322.
46
What is the greatest common factor of 20 and 124?
4
Calculate the greatest common factor of 275 and 22.
11
What is the greatest common divisor of 1512 and 112?
56
Calculate the greatest common factor of 2178 and 176.
22
Calculate the greatest common factor of 399 and 63.
21
What is the highest common factor of 20 and 324?
4
Calculate the highest common divisor of 28336 and 11.
11
Calculate the highest common divisor of 22 and 4532.
22
What is the greatest common factor of 248 and 372?
124
Calculate the highest common factor of 6 and 20478.
6
Calculate the greatest common divisor of 437 and 161.
23
Calculate the highest common divisor of 2 and 4744.
2
What is the highest common divisor of 16 and 37936?
16
Calculate the highest common divisor of 404 and 4.
4
Calculate the highest common divisor of 9 and 1143.
9
Calculate the highest common factor of 6 and 174.
6
Calculate the highest common factor of 29 and 58.
29
What is the highest common factor of 72 and 976?
8
What is the highest common factor of 12371 and 89?
89
Calculate the greatest common factor of 1247 and 86.
43
Calculate the highest common factor of 83 and 83.
83
Calculate the greatest common factor of 12 and 32.
4
What is the highest common divisor of 30 and 39?
3
What is the highest common divisor of 15 and 240?
15
Calculate the highest common factor of 144 and 624.
48
What is the highest common factor of 8200 and 150?
50
What is the greatest common factor of 340 and 80?
20
What is the highest common factor of 175 and 25?
25
What is the greatest common divisor of 234 and 52?
26
Calculate the highest common divisor of 8 and 35616.
8
Calculate the highest common factor of 864 and 2430.
54
Calculate the greatest common factor of 465 and 620.
155
Calculate the greatest common divisor of 7 and 4.
1
Calculate the highest common divisor of 261 and 783.
261
Calculate the greatest common factor of 2071 and 327.
109
What is the highest common divisor of 49 and 5537?
49
Calculate the greatest common factor of 56 and 728.
56
Calculate the highest common factor of 400 and 16.
16
Calculate the highest common factor of 252 and 351.
9
What is the greatest common divisor of 435 and 15?
15
Calculate the highest common factor of 2470 and 1105.
65
What is the greatest common divisor of 108 and 180?
36
What is the greatest common divisor of 18 and 33786?
18
What is the greatest common factor of 660 and 16?
4
Calculate the highest common factor of 33 and 803.
11
What is the greatest common divisor of 1243 an